{"id":33,"date":"2018-03-02T08:12:45","date_gmt":"2018-03-02T08:12:45","guid":{"rendered":"http:\/\/bridge173.qodeinteractive.com\/?page_id=33"},"modified":"2020-04-06T13:35:23","modified_gmt":"2020-04-06T13:35:23","slug":"about","status":"publish","type":"page","link":"http:\/\/andressarangel.com\/arquitetura\/about\/","title":{"rendered":"Sobre"},"content":{"rendered":"<div class=\"wpb-content-wrapper\"><p>[vc_row css_animation=&#8221;&#8221; row_type=&#8221;row&#8221; use_row_as_full_screen_section=&#8221;no&#8221; type=&#8221;full_width&#8221; angled_section=&#8221;no&#8221; text_align=&#8221;left&#8221; background_image_as_pattern=&#8221;without_pattern&#8221;][vc_column offset=&#8221;vc_col-md-6&#8243;][qode_elements_holder number_of_columns=&#8221;one_column&#8221;][qode_elements_holder_item advanced_animations=&#8221;no&#8221; item_padding=&#8221;20% 4% 0% 72%&#8221; item_padding_1280_1440=&#8221;9% 4% 0% 64%&#8221; item_padding_768_1024=&#8221;20% 4% 0% 53%&#8221; item_padding_600_768=&#8221;13% 4% 0% 4%&#8221; item_padding_480_600=&#8221;13% 4% 0% 4%&#8221; item_padding_480=&#8221;13% 4% 0% 4%&#8221;][vc_single_image image=&#8221;214&#8243; img_size=&#8221;full&#8221; qode_css_animation=&#8221;&#8221;][\/qode_elements_holder_item][\/qode_elements_holder][\/vc_column][vc_column offset=&#8221;vc_col-md-6&#8243;][qode_elements_holder number_of_columns=&#8221;one_column&#8221;][qode_elements_holder_item advanced_animations=&#8221;no&#8221; item_padding=&#8221;239px 45% 0 5px&#8221; item_padding_1280_1440=&#8221;88px 25% 0 5px&#8221; item_padding_768_1024=&#8221;120px 13% 0 5px&#8221; item_padding_600_768=&#8221;70px 13% 70px 4%&#8221; item_padding_480_600=&#8221;70px 13% 70px 4%&#8221; item_padding_480=&#8221;70px 13% 70px 4%&#8221;][vc_column_text]<\/p>\n<h3>Arquitetura<\/h3>\n<h3>Afetiva<\/h3>\n<h3>Essencial<\/h3>\n<p>[\/vc_column_text][vc_empty_space height=&#8221;53px&#8221;][vc_column_text]Andressa Rangel formou-se em Arquitetura e Urbanismo em 2010 pela Universidade Federal de Pernambuco. Trabalhou como estagi\u00e1ria no escrit\u00f3rio Rangel Moreira e, logo ap\u00f3s, no\u00a0 escrit\u00f3rio do arquiteto Carlos Augusto Lira, onde teve a oportunidade de trabalhar como arquiteta de 2010 at\u00e9 2013, desenvolvendo projetos de arquitetura residencial, comercial e corporativa. Participou tamb\u00e9m dos projetos de cenografia do Carnaval da cidade do Recife e do Festival de Inverno de Garanhuns, al\u00e9m de aproximar seu contato com a arte popular e compreender a import\u00e2ncia da refer\u00eancia cultural local como elemento indispens\u00e1vel para cria\u00e7\u00e3o da identidade de cada projeto.<\/p>\n<p>&nbsp;<\/p>\n<p>Cada trabalho \u00e9 pensado de maneira singular, onde o objetivo final \u00e9 traduzir os desejos do cliente na concep\u00e7\u00e3o de espa\u00e7os e formas criativas,\u00a0 com solu\u00e7\u00f5es otimizadas, funcionais, atendendo ao que \u00e9 de fato essencial e que proporcionem conforto e bem estar, sem abrir m\u00e3o do uso de detalhes bem elaborados. A participa\u00e7\u00e3o direta da arquiteta em todas as etapas do projeto \u00e9 essencial para que o resultado final seja a materializa\u00e7\u00e3o do projeto iniciado no papel.[\/vc_column_text][vc_empty_space height=&#8221;47px&#8221;][vc_column_text]segue l\u00e1 no <a href=\"http:\/\/www.instagram.com\/andressarangelarquitetura\">Instagram <\/a><\/p>\n<p>[\/vc_column_text][\/qode_elements_holder_item][\/qode_elements_holder][\/vc_column][\/vc_row]<\/p>\n<\/div>","protected":false},"excerpt":{"rendered":"<p>[vc_row css_animation=&#8221;&#8221; row_type=&#8221;row&#8221; use_row_as_full_screen_section=&#8221;no&#8221; type=&#8221;full_width&#8221; angled_section=&#8221;no&#8221; text_align=&#8221;left&#8221; background_image_as_pattern=&#8221;without_pattern&#8221;][vc_column offset=&#8221;vc_col-md-6&#8243;][qode_elements_holder number_of_columns=&#8221;one_column&#8221;][qode_elements_holder_item advanced_animations=&#8221;no&#8221; item_padding=&#8221;20% 4% 0% 72%&#8221; item_padding_1280_1440=&#8221;9% 4% 0% 64%&#8221; item_padding_768_1024=&#8221;20% 4% 0% 53%&#8221; item_padding_600_768=&#8221;13% 4% 0% 4%&#8221; item_padding_480_600=&#8221;13% 4% 0% 4%&#8221; item_padding_480=&#8221;13% 4% 0% 4%&#8221;][vc_single_image image=&#8221;214&#8243; img_size=&#8221;full&#8221; qode_css_animation=&#8221;&#8221;][\/qode_elements_holder_item][\/qode_elements_holder][\/vc_column][vc_column offset=&#8221;vc_col-md-6&#8243;][qode_elements_holder number_of_columns=&#8221;one_column&#8221;][qode_elements_holder_item advanced_animations=&#8221;no&#8221; item_padding=&#8221;239px 45% 0 5px&#8221;&#8230;<\/p>\n","protected":false},"author":1,"featured_media":0,"parent":0,"menu_order":0,"comment_status":"closed","ping_status":"closed","template":"full_width.php","meta":{"footnotes":""},"class_list":["post-33","page","type-page","status-publish","hentry"],"_links":{"self":[{"href":"http:\/\/andressarangel.com\/arquitetura\/wp-json\/wp\/v2\/pages\/33","targetHints":{"allow":["GET"]}}],"collection":[{"href":"http:\/\/andressarangel.com\/arquitetura\/wp-json\/wp\/v2\/pages"}],"about":[{"href":"http:\/\/andressarangel.com\/arquitetura\/wp-json\/wp\/v2\/types\/page"}],"author":[{"embeddable":true,"href":"http:\/\/andressarangel.com\/arquitetura\/wp-json\/wp\/v2\/users\/1"}],"replies":[{"embeddable":true,"href":"http:\/\/andressarangel.com\/arquitetura\/wp-json\/wp\/v2\/comments?post=33"}],"version-history":[{"count":9,"href":"http:\/\/andressarangel.com\/arquitetura\/wp-json\/wp\/v2\/pages\/33\/revisions"}],"predecessor-version":[{"id":412,"href":"http:\/\/andressarangel.com\/arquitetura\/wp-json\/wp\/v2\/pages\/33\/revisions\/412"}],"wp:attachment":[{"href":"http:\/\/andressarangel.com\/arquitetura\/wp-json\/wp\/v2\/media?parent=33"}],"curies":[{"name":"wp","href":"https:\/\/api.w.org\/{rel}","templated":true}]}}